w + 320. What is the units digit of v?
0
Let d(l) = 765*l - 542. What is the thousands digit of d(10)?
7
Suppose 0 = -3*r - 5*p + 37153, p = -13*r + 17*r - 49545. What is the units digit of r?
6
Let k(d) = 12*d**2 + 3*d + 2. Let o be k(-1). Let f = o + 113. Let q = -73 + f. What is the units digit of q?
1
Suppose 5*l + 1283 + 992 = 0. Let w = l - -812. What is the tens digit of w?
5
Suppose -2919*z - 3*w = -2923*z + 5601, w = 4*z - 5611. What is the units digit of z?
4
What is the thousands digit of 202294/28*2 + (-1476)/2583?
4
What is the thousands digit of (8 + -9 - 144)*-65?
9
Suppose 17*i = 8*i - 108. What is the tens digit of i*(-5)/((-120)/(-714))?
5
Let o = -28380 - -88945. What is the thousands digit of o?
0
Let i(l) = -3*l - 13. Let r(w) = 13*w + 51. Let d(o) = -9*i(o) - 2*r(o). Let t be d(-13). Suppose 0 = -t*v + 7*v - 145. What is the tens digit of v?
2
Suppose 0 = 2*n - 0*h + 5*h + 65, n = 5*h + 5. Let z = n + 24. Suppose 0 = 3*w + 3*p - 186, -z*w + 250 = -0*p + 3*p. What is the units digit of w?
4
Let c be 122/3 - (98/(-21))/(-7). Let z(m) = m + 38. Let t be z(0). Suppose 34*i = t*i - c. What is the tens digit of i?
1
Suppose -235*y + 8278664 = -25*y - 436126. What is the ten thousands digit of y?
4
Let q(u) = 21*u + 193. Let v be q(-9). Suppose -2*b = -2*a + 86, 4*b = -a + 43 - 5. What is the units digit of 3 + -4 + (a - v)?
7
Let j(u) = 8*u - 37. Let d be j(5). Let c be -5 + (d + 15)/2. Suppose -2*g = -c*g + 190. What is the tens digit of g?
9
Suppose -8 + 2 = -2*h. Let n be 14/(-7) + -1 + h. Suppose 5*u = q + 1413, 3*u + u - 3*q - 1137 = n. What is the units digit of u?
2
Let z(x) = 12*x**2 + 7*x + 2. Let v(h) = -3*h + 30. Suppose 13*f = 4*f + 81. Let p be v(f). What is the hundreds digit of z(p)?
1
Let t(w) be the third derivative of 3*w**5/20 - w**4/6 - w**3/3 + w**2. Suppose 0 = 11*k - 140 + 151. What is the tens digit of t(k)?
1
Let g = 150 - 176. Let f(j) = -2*j + 14. Let u be f(10). What is the tens digit of u/2 + g/(-2)?
1
Let u(b) = 29*b - 9. Suppose 2 = 4*l - 5*r, 4 = 5*l - 10*l + 3*r. Let y be u(l). What is the units digit of (-3)/9 - y/3?
2
Suppose 6 + 2 = x + 4*p, 10 = 2*x + 5*p. Suppose 4*q - 116 = 2*w, -2*w + x*q - 2*q - 86 = 0. What is the units digit of w*6/15*-5?
6
Let q(f) = -2*f + 5. Let n be q(4). Let s(i) = i**3 - i**2 - 1. Let j(y) = 4*y**3 - 5*y**2 + 3*y - 3. Let c(p) = n*s(p) + j(p). What is the units digit of c(2)?
6
Suppose 0 = 8*u - 1 - 7. Suppose 0 = o + 5*y - 31 + 6, 3*o - 4*y = -u. Suppose 886 = o*m + 341. What is the tens digit of m?
0
Let l(g) = 35*g + 72. Let r(k) = -104*k - 214. Let d(s) = 16*l(s) + 5*r(s). What is the tens digit of d(6)?
2
Let f(y) = y**3 + 15*y**2 + 24*y + 70. Let z be f(-14). What is the tens digit of 1194/(-8)*z/21*2?
9
Let h = -31 + 24. Let j be ((-35)/(-10))/h + 41/2. What is the tens digit of 5*(2 + 1 + j)?
1
Let x(k) = 276*k**2 - 11*k - 11. Suppose 2 = -a, -3*t - 5 = a - 0. What is the units digit of x(t)?
6
Suppose -178*y + 10906 = -171*y. Suppose -5*n + 4*j = -1952, 0*n - 5*j = -4*n + y. What is the hundreds digit of n?
3
What is the hundreds digit of 24/120 + 118156/20?
9
Let m = 3408 + -1638. What is the units digit of m?
0
Suppose 4*l = -14*u + 11*u + 766, -3*u = 3*l - 576. Suppose -732 - l = -2*z. What is the hundreds digit of z?
4
Let m be 74/703 - (-270)/(-38). What is the units digit of m - (4 - 5) - -694?
8
Suppose 5*m - 15205 = 5*r, 2*m + r + 919 = 6989. What is the units digit of m?
7
Suppose 2*z = -4*z + 84. Suppose z = y - 36. Let i = -47 + y. What is the units digit of i?
3
Suppose j - 2*v = 34748 - 7723, -4*j + 108100 = -5*v. What is the ten thousands digit of j?
2
Let h be ((-30)/(-25))/(-2)*65. Let g be 18/117 + (-21795)/h. Suppose -8*f + 729 = -g. What is the units digit of f?
1
Suppose -22 = -18*i + 86. Suppose 0 = 5*o - 6*o + 2*s + 125, -i = 3*s. What is the tens digit of o?
2
Let y = 92 + -90. Suppose y*v = l + 4*l + 557, 824 = 3*v + 4*l. What is the tens digit of v?
7
Suppose -15*m = 12*m - 3483. Let r(d) = -10*d**2 - 2*d. Let o be r(2). Let l = o + m. What is the units digit of l?
5
Let x be -154*(3 + -4 + -3 + -4). Suppose p = 2*g + 634, 11*g - 16*g + x = 2*p. What is the hundreds digit of p?
6
Let h = 16247 + -10996. What is the hundreds digit of h?
2
Let y(m) = -31699*m + 4727. What is the hundreds digit of y(-2)?
1
Let d be 1*(-5)/(-15)*-246. Let u = d + 308. What is the tens digit of u?
2
Suppose -8*t - 6*t = -238. Suppose 0 = 9*a - t*a + 6944. What is the hundreds digit of a?
8
Let k be (-10387)/(-17) + -1 + 1 + -3. Let b = 361 - k. Let l = 385 + b. What is the hundreds digit of l?
1
Let d(u) = 3*u**2 - 4*u - 54. Let w(q) = -q**2 + q + 18. Let p(m) = 2*d(m) + 7*w(m). What is the tens digit of p(0)?
1
Suppose -16*n + 11*n = -4*l + 73, l - 2*n - 16 = 0. Suppose -29*m + 6923 = -l*m. What is the tens digit of m?
8
Suppose 0 = -4*w + 14*w - 30. Let z(t) = t**3 - 3*t**2 + t + 2. Let g be z(w). Suppose 0 = -5*h - g*r + 610, 4*h + 5*r - 486 = 3*r. What is the tens digit of h?
2
Let z(q) = 12*q + 192. Let v be z(-12). Suppose 5*j - 220 = 5*g, 4*g + j = -3*j - 136. Let i = v + g. What is the units digit of i?
9
Let x(g) = g**2 + 35*g - 33. Let r be x(-36). Suppose 0 = r*h + 2*b - 717, 462 = 2*h - 56*b + 52*b. What is the hundreds digit of h?
2
Suppose -11*x - 251 = -12*x. Let r(n) = 46*n - 6. Let c be r(4). Let h = x - c. What is the units digit of h?
3
Let l(o) = 5*o**3 - 219*o**2 - 10*o - 177. What is the tens digit of l(44)?
1
Let j = 2488 + 1387. Let s = j - 2612. What is the hundreds digit of s?
2
Let k be (-4)/(-30) - (-7967)/(-465). Let s(o) = -o**3 - 17*o**2 - 12*o + 10. What is the units digit of s(k)?
4
Suppose 119*p - 92*p = 151713. What is the hundreds digit of p?
6
Let i(f) = 3*f - 38. Let o be i(13). What is the units digit of (o + 8)*(-33)/(-99)?
3
Let l = -3428 + 3422. Let n(s) = 1 - 2*s + 3*s**3 - 2*s**3 + 8*s**2 + 10*s. What is the units digit of n(l)?
5
Let n(i) = -210 + 5*i + 101 + 99 - 3*i**2 + 4*i**2. Let l be n(2). Suppose j + l*u - 368 = -3*j, 296 = 3*j - u. What is the units digit of j?
7
Let q be (184/(-6))/(304/51 + -6). Suppose -3*f = 4*h - 1395, -q = -5*h - 4*f + 963. What is the units digit of h?
5
Let w be 1 + 568/20 + 18/30. What is the units digit of (15/(-6))/(6/w)*-12?
0
Suppose 2*r = -13*r + 60. Suppose 4*z - 2384 = -4*u, -r*z - 1768 = -3*u - 3*z. What is the hundreds digit of u?
5
Let h(k) = -k**3 - 8*k**2 - k + 10. Let j be h(-8). Suppose -4*g + 1352 = 4*i, 5*g - 1680 = 15*i - j*i. What is the tens digit of g?
3
Let u(b) = 1461*b + 1009. What is the hundreds digit of u(7)?
2
Let v(w) = -2*w**2 - 35*w - 40. Let j be v(-16). What is the hundreds digit of (-1 - (-1 + 254))*(-4)/j?
1
Let b(h) = h**2 + 29*h + 113. Let j be b(-25). Let y(q) = q**2 + 8*q + 28. What is the hundreds digit of y(j)?
3
Let c = 2781 + 144. What is the hundreds digit of c?
9
What is the tens digit of (-124640)/(-10) - 35/5?
5
Suppose 0 = -o + 5*o - 88. Suppose 24*i - 190 = 14*i. Let y = i + o. What is the tens digit of y?
4
Suppose 3*y - 7*y - 3*h - 103 = 0, -h + 61 = -3*y. Let i(s) = s**3 + 26*s**2 + 29*s + 110. What is the units digit of i(y)?
8
Let f be ((-90)/(-36))/(1/4). Suppose -f*q - 42 + 192 = 0. What is the units digit of 372/15*q/6?
2
Suppose 3*b + 23 = 4*i, -b - 10 = 5*i + 3*b. Suppose 2*n - 6 = -i*u - 0*u, 5*u = 3*n - 9. What is the units digit of n?
3
Let t(w) = 227*w**2 - 41*w - 236. What is the tens digit of t(-18)?
5
Suppose -94*k + 0*k + 524515 + 473577 = 0. What is the ten thousands digit of k?
1
Let m(n) = n**2 + 15*n + 26. Let w be m(-13). Suppose l + 5*q + 14 = w, -3*l + 25 = -4*q - 9. Suppose 2*x = 12 - l. What is the units digit of x?
3
Let d = -107 + 110. Suppose -4*o + 15 = d. Suppose -o*v + 353 + 116 = 4*c, 4*v - 12 = 0. What is the hundreds digit of c?
1
Suppose -3*j + 3040 = 2*c, -9*j + 4*j + 5088 = -2*c. Let g = 1693 - j. What is the tens digit of g?
7
Let a(b) = b**2 - 7*b. Let n be a(6). Let d be 254/7 - 4/14. Let w = n + d. What is the units digit of w?
0
Let d = 46353 + -23242. What is the units digit of d?
1
What is the units digit of 1/((0 - 16/1112)/(-282))?
9
Suppose g - 663 = 2709. What is the tens digit of g?
7
Let j = 23302 - -15641. What is the thousands digit of j?
8
Suppose -3*h = -5*u + 159, 4